it of h?
7
Let u = -17 + 25. What is the units digit of u?
8
Let i(w) = w**3 - 6*w**2 - 6*w - 1. What is the units digit of i(7)?
6
Suppose -k - 3*i - 3 = -5, -11 = -2*k + i. Let q = k - 2. Suppose 0*t + 9 = q*t. What is the units digit of t?
3
Suppose -5*d - 2*c + 46 = 0, -38 = -5*d + 3*c + 18. Suppose -5*l = 5*i - d, -i - i = -5*l + 17. What is the units digit of l?
3
Suppose -6 = -r + 5*c, 0 = r - 4*r - 2*c + 18. What is the units digit of r?
6
Let o(s) = s**2 + s + 1. Let p be 4/4*4/1. What is the tens digit of o(p)?
2
Let r(k) = -k**3 + 5*k**2 + 8*k - 7. Let y be r(6). Let b be (3 + 3)/(-2) - -3. Suppose 15 = y*x - b. What is the units digit of x?
3
Let d(z) = 11*z**2 + 2*z + 1. What is the tens digit of d(-2)?
4
Suppose -9*k + 7*k = -18. What is the units digit of k?
9
Suppose 55 = -5*w + 5. Let p = 7 - w. Suppose 2*c = p + 3. What is the tens digit of c?
1
Let l be (-624)/(-21) - (-2)/7. Suppose 4*v - 3*q = 59, 4*q - 50 = -4*v + l. What is the tens digit of v?
1
Let g(r) = r**3 - 2*r + 2. Let q be g(2). Let p = 18 - q. What is the units digit of p?
2
Let l(k) = -k**3 + 3*k**2 + 2*k + 3. Let r be l(3). Suppose -3*g - 45 = -r. What is the units digit of (-21)/(-4) - (-3)/g?
5
Let p(r) = 13*r**2 + 3*r + 2. What is the units digit of p(3)?
8
Let o = 81 + -49. Let d be o/(-4)*2/4. Let f = d - -6. What is the units digit of f?
2
What is the tens digit of ((-68)/10)/((-8)/80)?
6
Let k = 332 - 172. Suppose -6*z + k = -z. What is the units digit of z?
2
Suppose 2*s + 4*c - 82 = -0*c, 0 = -3*s + 2*c + 115. What is the units digit of s?
9
Let s = 88 + -38. Suppose -s = -2*d - 3*d. What is the units digit of d?
0
Let s = -13 + 18. Suppose -s*d = -5 - 10. What is the units digit of d?
3
Suppose o = -3*p + 2*o + 188, 5*p = o + 316. What is the units digit of p?
4
Let v = 2 + -22. What is the units digit of (24/v)/((-6)/40)?
8
Let s(b) = b**2 - 9*b - 18. What is the units digit of s(-5)?
2
Let j = 3 - 4. What is the units digit of (3/(-2))/j*2?
3
Let q(a) = a**2 + 8*a + 3. Let b be q(-8). Suppose -2*o - 5*l = 16, b*o - 4*o + 3*l + 14 = 0. What is the units digit of o?
2
What is the hundreds digit of ((-15)/(-12))/((-1)/(-296))?
3
Suppose 0 = 3*a + 36 - 606. What is the tens digit of a?
9
Let h be (-16)/(-9) + (-4)/(-18). Let q = 59 + -47. Suppose h*n = -n + q. What is the units digit of n?
4
Suppose -5*q + 3*v + 6 = -4*q, 5 = q - 2*v. Suppose q*w = 64 - 25. What is the units digit of w?
3
Suppose -s = -a + 2*a + 13, 5*a = -3*s - 73. What is the units digit of (-6)/15 - a/5?
3
Suppose p = 3*k - 7, 2*k - 2*p - 5 = -p. Suppose k*c + 5*w = 21, -4*c - 3*w + 6 = -5*w. What is the units digit of c?
3
Let y be (-48)/(-20)*20/6. Suppose -5*x + 3*x = -y. Suppose -5*o + 3*o = -x. What is the units digit of o?
2
Let x be 2/(-8) + (-633)/12. Let m = 84 + x. What is the units digit of m?
1
What is the units digit of 9/(-15) + 132/20?
6
Let k = -14 - -41. What is the tens digit of k?
2
Suppose -152 = -6*x + 16. What is the tens digit of x?
2
Let s(l) = -3*l - 19. Let p(n) = -n - 9. Let f(v) = -7*p(v) + 3*s(v). Let w be f(6). What is the units digit of -2*(-3)/w*-7?
7
What is the units digit of ((-3)/9)/(6/(-324))?
8
Suppose 6*w + 51 = 7*w. What is the tens digit of w?
5
Let j be ((-15)/10)/(1/(-2)). Suppose -j*v = 4*q - 86, -20 - 95 = -5*v - q. What is the tens digit of v?
2
Suppose 2*s = 80 + 146. What is the units digit of s?
3
Let z(u) = -2*u**2. Suppose 5*t - 3 = 2. Let c be z(t). Let x(w) = -w**3 - w**2 - 2*w + 1. What is the units digit of x(c)?
9
Suppose 2*n - 7*n - 30 = 0. Let j = -17 - n. What is the units digit of (1 - j - 1)/1?
1
Suppose 4*d + 2 - 14 = 0. Suppose 0 = d*c + c - 12. What is the units digit of c?
3
What is the units digit of 153/3 - (2 + -5 + 6)?
8
Suppose 0 = -4*f + 9*f - 5. What is the units digit of f?
1
Suppose 4*v + 897 = 5*f, f + 3*v - 117 = 70. What is the units digit of f?
1
What is the tens digit of 4/6 + (-3798)/(-54)?
7
Let k(b) = b**2 - 2*b + 1. Let d(t) = -t**2 - 3*t + 2. Let a be d(-3). What is the units digit of k(a)?
1
Let t be 2 + 1 - 5*2. Let o = 8 - 23. Let r = t - o. What is the units digit of r?
8
Let a(n) = n**2 - 6*n - 3. What is the tens digit of a(-5)?
5
Let u(z) = -z**3 + z + 6. Let q be u(0). Let b be (2 + (-4)/q)*3. Suppose -6*l + 12 = -b*l. What is the units digit of l?
6
Let i = 27 - 11. What is the units digit of i?
6
Let b be (-33)/(-6) - 6/4. Suppose -51 = -b*i + i. What is the units digit of i?
7
What is the units digit of ((-6)/4)/((-21)/1316)?
4
Let j(w) = -w + 6. Let x be j(7). What is the units digit of (0 - 3 - -1)/x?
2
Let z(r) = 0*r + 2*r**2 + 34*r**3 - 4*r**3 - r. What is the units digit of z(1)?
1
Suppose 0 = 4*i, -i - 2 = -k + 3*i. Suppose 54 = w + k*w. What is the tens digit of w?
1
Let s(h) = 3*h**2 + 26*h + 6. Let y(a) = -2*a**2 - 17*a - 4. Let v(o) = 5*s(o) + 8*y(o). What is the units digit of v(-2)?
6
Let o(q) = 3*q**3 - q**2 - q + 2. Let v be o(2). Suppose 10 + v = 2*b. What is the tens digit of b?
1
Let i = 21 + -16. What is the units digit of i?
5
Let r(n) be the first derivative of 4*n**2 + n - 3. What is the units digit of r(1)?
9
What is the units digit of 0 - (-5 + (-8)/(-2))?
1
Suppose 0*a = a + 1. Let z be -2*(-2)/(-4)*a. Suppose 3 = j + z. What is the units digit of j?
2
Let x(i) = -i**2 + 8*i - 8. Let q(z) = 2*z**2 + 5*z + 3. Let v be q(-3). What is the units digit of x(v)?
4
Let g(j) = j - 2. Let u be g(6). Let m be u/((0 - -1)/1). What is the units digit of (4/(-6))/(m/(-30))?
5
Suppose -4*r = -2*x + 32, -3*r - 15 = -2*x + 17. Suppose 2*f - 54 = -x. What is the tens digit of f?
1
Suppose 42 = -2*y + 5*y. Let s = y + -9. Suppose 2*n + 2*f - 3*f = 19, -25 = -2*n - s*f. What is the tens digit of n?
1
Let u(b) = -3*b**2 + 3*b + 4. Let q be u(3). Let k be (-2 + 1)/(2/q). Suppose k*o - 2*o - 55 = 0. What is the units digit of o?
1
Suppose -3*x + 54 = -0*x. What is the tens digit of (-1 - -5)/(6/x)?
1
Suppose -b = w - 21, 2*b - 42 = -2*w + 5*w. What is the tens digit of b?
2
Suppose -2*u = -2*h - h + 116, -2*h + 2*u + 74 = 0. What is the units digit of h?
2
Let y(o) = 8*o - 29. What is the tens digit of y(14)?
8
What is the units digit of 0/2 - (-53 + -3)?
6
What is the tens digit of -337*(-4)/(-8)*-2?
3
Let j = 188 - 95. What is the units digit of j?
3
Let s = -11 + 5. Let n(b) = -b + 10. What is the units digit of n(s)?
6
Let k = 2 + -3. Let a = -2 + k. What is the units digit of 5 - (a + 1 + -1)?
8
Let z = -3 + 3. Suppose z = -i - 4*n + 3 + 10, 3*i - 4*n = 39. What is the tens digit of i?
1
Suppose -f = -3*f - 44. Let p = f - -44. What is the tens digit of p?
2
Let m(p) = -2*p**2 - 8*p - 11. Let z(h) = 1. Let d(s) = -m(s) - 2*z(s). What is the tens digit of d(-6)?
3
Let b = 6 - 4. Suppose v - b = 2. Suppose 12 = v*t + 4. What is the units digit of t?
2
Let l(b) = b - 13. Let n be l(11). Let r(o) = -4*o**3 + 2*o**3 + 2*o**2 - 4*o**2. What is the units digit of r(n)?
8
Let v = 11 - 0. Let f(l) = l - 1 + v + 0*l. What is the tens digit of f(0)?
1
Suppose 4*z - 18 = -6. Suppose z*u - 20 = 25. What is the tens digit of 0/(6/(-3)) + u?
1
Let f(a) = 7 + a + 0 + 1. Let n be f(-6). Suppose 2*j + 2*j - n*k = 20, -3*k = -2*j + 14. What is the units digit of j?
4
Suppose -5*z - 3*j + 161 = 0, 4*j - 43 = 3*z - 157. What is the tens digit of z?
3
Suppose -5*x + 80 - 10 = 0. What is the tens digit of x?
1
Suppose -16 = 5*m - 56. Let u = m - 2. What is the units digit of u?
6
Let q(b) = 2*b**2 + b + 11. What is the units digit of q(0)?
1
Suppose -b - 3*d = -d - 10, -4*b - d + 26 = 0. Let u(a) = -a**3 + 6*a**2 + 2*a - 6. What is the units digit of u(b)?
6
Let q(i) = i**2 - 6*i + 24. What is the units digit of q(6)?
4
Suppose 4*f + 21 = w, -3 = 4*w + 5*f - 45. Let k = -67 - -67. Suppose w = -k*j + j. What is the tens digit of j?
1
Let a = 2 - 0. Let x(m) = -2*m - 4 + a + m. What is the units digit of x(-5)?
3
Suppose 950 + 156 = 14*j. What is the units digit of j?
9
Let o = 70 + -42. What is the tens digit of o/6*(-42)/(-4)?
4
Let p = 2 - 2. Suppose 2*z - 30 = -p*z. What is the tens digit of z?
1
Suppose l = -0*l + 20. Suppose -2*d + l = 4*f, 4*d = -0*d + 5*f + 27. What is the units digit of d?
8
Suppose 3*z + z + 4 = 0. Let f(w) = -5*w - 2. Let v(m) = m. Let h(d) = z*f(d) - 6*v(d). What is the un